
Is 142033757 composite?
True
Is 1413427 a composite number?
False
Is 2511241 prime?
True
Is 547121 a composite number?
False
Is 149006861 a composite number?
True
Is 9473437 composite?
True
Is 20685949 composite?
True
Is 32160334 a prime number?
False
Is 288483281 prime?
False
Is 36688199 a composite number?
False
Is 31290167 a prime number?
True
Is 5145943 a composite number?
True
Is 2037551 composite?
True
Is 273682 a composite number?
True
Is 19742981 a composite number?
True
Is 113932571 composite?
False
Is 113081261 a composite number?
False
Is 7806719 prime?
False
Is 106800899 composite?
True
Is 3935947 prime?
True
Is 178026899 prime?
True
Is 317183 a composite number?
True
Is 11361323 composite?
False
Is 6636361 a prime number?
False
Is 58242783 a composite number?
True
Is 2221379 prime?
True
Is 4875319 composite?
False
Is 19365091 a composite number?
True
Is 1388623 a composite number?
False
Is 368569079 a composite number?
True
Is 20767009 a composite number?
False
Is 406349 composite?
False
Is 264067 a composite number?
True
Is 4533701 prime?
True
Is 343463 prime?
False
Is 909481 composite?
False
Is 7142761 a prime number?
False
Is 1701779 composite?
True
Is 7810963 prime?
False
Is 12565841 prime?
True
Is 33611603 a composite number?
False
Is 3355657 a prime number?
False
Is 594701 a prime number?
False
Is 2068415497 composite?
True
Is 3921637 prime?
True
Is 20175161 a prime number?
True
Is 45947647 prime?
True
Is 44927551 composite?
False
Is 7446094 prime?
False
Is 867005237 a prime number?
False
Is 911479 prime?
False
Is 1702490549 a prime number?
True
Is 14445389 a composite number?
True
Is 1237433 a prime number?
True
Is 4171 composite?
True
Is 104329887 composite?
True
Is 5953847 prime?
False
Is 373158697 composite?
False
Is 942137 a prime number?
False
Is 416214791 a prime number?
False
Is 2034319 a prime number?
False
Is 108188693 a composite number?
False
Is 14613017 a prime number?
True
Is 913657 prime?
False
Is 1549567 a composite number?
True
Is 644477791 prime?
True
Is 992141 a composite number?
False
Is 72978623 prime?
True
Is 81883 a composite number?
False
Is 112939 prime?
True
Is 20315758 composite?
True
Is 59731861 a prime number?
False
Is 1836119 a composite number?
True
Is 4432513 composite?
False
Is 8504123 a composite number?
True
Is 99758287 composite?
False
Is 32604497 a prime number?
False
Is 3537169 a composite number?
False
Is 1307269 prime?
False
Is 1481663 a prime number?
True
Is 5443159 a composite number?
False
Is 22196585 prime?
False
Is 3129877 prime?
False
Is 5976151 prime?
False
Is 51381523 a composite number?
True
Is 30308339 a prime number?
True
Is 112002013 a prime number?
False
Is 2234303 a composite number?
False
Is 93541577 a prime number?
False
Is 24704551 a composite number?
True
Is 51739321 a prime number?
True
Is 75515959 prime?
False
Is 19188238 composite?
True
Is 2684641 a prime number?
True
Is 558962423 a composite number?
False
Is 68796529 a prime number?
True
Is 3817339 a prime number?
True
Is 6332489 prime?
False
Is 9311735 a composite number?
True
Is 3527158 a prime number?
False
Is 16801495 a composite number?
True
Is 17786887 a composite number?
False
Is 19430431 composite?
False
Is 73698803 prime?
False
Is 1468163 composite?
False
Is 2314859 composite?
False
Is 194234357 a prime number?
True
Is 64472909 composite?
True
Is 16783021 composite?
True
Is 315126511 composite?
True
Is 10029491 a composite number?
True
Is 37500341 a prime number?
False
Is 81161474 a prime number?
False
Is 67742681 composite?
False
Is 144081277 a composite number?
True
Is 414790765 prime?
False
Is 16921397 prime?
False
Is 3077417 a composite number?
True
Is 2365967 composite?
True
Is 106125313 prime?
False
Is 26705383 composite?
True
Is 13931263 composite?
True
Is 1193841863 prime?
False
Is 1693313 a prime number?
False
Is 61816541 composite?
False
Is 19828801 composite?
False
Is 7720795 prime?
False
Is 5334427 a composite number?
True
Is 241758107 a composite number?
False
Is 1599415 a prime number?
False
Is 1361905 prime?
False
Is 8371295 composite?
True
Is 291383 prime?
False
Is 1774841 prime?
False
Is 518181667 a prime number?
False
Is 11292607 prime?
False
Is 38225813 composite?
False
Is 1814770799 composite?
False
Is 18370973 a composite number?
True
Is 20578081 prime?
False
Is 50777515 a prime number?
False
Is 29240443 composite?
True
Is 31067533 composite?
True
Is 422875735 composite?
True
Is 240269919 composite?
True
Is 5099153 prime?
True
Is 31485099 prime?
False
Is 67233223 prime?
False
Is 9446947 a composite number?
True
Is 7298827 a prime number?
True
Is 183883561 a prime number?
True
Is 28126235 a prime number?
False
Is 17308479 prime?
False
Is 251431027 prime?
False
Is 34620251 a composite number?
False
Is 24567845 a prime number?
False
Is 116893177 prime?
False
Is 63363361 a prime number?
True
Is 145628387 a composite number?
True
Is 4895029 a prime number?
True
Is 3514859 a prime number?
True
Is 141649087 a prime number?
True
Is 13508597 composite?
False
Is 65849617 prime?
True
Is 1325395 composite?
True
Is 39342991 composite?
True
Is 422243737 composite?
False
Is 2243471 prime?
False
Is 9016921 a composite number?
False
Is 1941811 prime?
False
Is 5923979 a composite number?
False
Is 22402301 prime?
True
Is 4550107 a prime number?
False
Is 100597363 prime?
True
Is 10920317 a composite number?
False
Is 9898117 prime?
True
Is 38919401 prime?
True
Is 1735129 prime?
False
Is 48164021 prime?
False
Is 461878073 prime?
True
Is 1537507 prime?
False
Is 42628759 a prime number?
True
Is 2182241 composite?
True
Is 6034393 composite?
False
Is 60354449 a composite number?
False
Is 123676871 prime?
False
Is 138982091 prime?
False
Is 1004128607 a prime number?
False
Is 112569673 a composite number?
False
Is 526933 prime?
False
Is 9606067 composite?
False
Is 8613281 composite?
False
Is 23054711 a prime number?
True
Is 5855699 composite?
False
Is 500287 a composite number?
False
Is 458299 a composite number?
True
Is 93153367 a prime number?
True
Is 2124173 a composite number?
False
Is 1497637 a composite number?
True
Is 187282009 composite?
False
Is 84580079 composite?
False
Is 2025689 prime?
True
Is 494099 a composite number?
True
Is 1193809 prime?
False
Is 1339699 a prime number?
False
Is 5377663 a prime number?
False
Is 21624997 a prime number?
False
Is 1775171 a prime number?
True
Is 96437269 prime?
True
Is 9990439 composite?
True
Is 3620935 prime?
False
Is 6657689 a composite number?
True
Is 169840415 composite?
True
Is 20782031 composite?
False
Is 12478087 prime?
False
Is 6368741 prime?
True
Is 652710199 composite?
False
Is 102261139 prime?
True
Is 49504501 prime?
True
Is 997907 composite?
True
Is 125630699 prime?
True
Is 186551 composite?
False
Is 587689279 prime?
True
Is 756701 a prime number?
False
Is 643273 a composite number?
False
Is 1891469 prime?
False
Is 775507 composite?
False
Is 98246066 a prime number?
False
Is 255441297 prime?
False
Is 462533 prime?
False
Is 1030889 a prime number?
True
Is 9452657 a prime number?
False
Is 60109601 composite?
False
Is 1246081 composite?
False
Is 198898471 prime?
False
Is 22020469 composite?
True
Is 1114387 composite?
True
Is 171079127 a composite number?
True
Is 13926841 a prime number?
True
Is 244399829 a prime number?
True
Is 134601107 composite?
False
Is 87853 composite?
False
Is 622215263 prime?
True
Is 36692219 a composite number?
False
Is 3307498 composite?
True
Is 112397507 a composite number?
False
Is 1375477 composite?
True
Is 1480279 a composite number?
True
Is 1240079 composite?
True
Is 9853303 a composite number?
False
Is 159384721 a composite number?
False
Is 1128383 composite?
False
Is 7388767 a prime number?
False
Is 2761543 composite?
False
Is 8097433 prime?
False
Is 9154373 a composite number?
True
Is 98305739 composite?
True
Is 1485433 a composite number?
False
Is 20873177 a composite number?
True
Is 3204053 a composite number?
True
Is 67066379 a prime number?
True
Is 1151861 a composite number?
False
Is 132365215 a prime number?
False
Is 10071223 composite?
False
Is 494191 a composite number?
False
Is 1767187 a composite number?
False
Is 37896263 a composite number?
True
Is 3176713 composite?
True
Is 42069739 a composite number?
Fa